 Let q = w + m. What is the units digit of q?
4
Let a(b) = b**2 + 6*b**2 - b**2. Let s(g) = g**2 + 5*g + 1. Let t be s(-5). What is the units digit of a(t)?
6
Let j(z) = -4*z + 11. Suppose 3*m + m + 28 = 0. What is the tens digit of j(m)?
3
Suppose -2*w = -w - 2. What is the tens digit of (-85)/(-5)*w/2?
1
Suppose -5*o - 7 = -2*g - 2, o = 3*g - 1. Suppose 3*x - 6 = q, -2 - 7 = -5*q + 2*x. What is the units digit of q/(3 - g)*2?
2
Suppose 4*z = 9*z - 120. What is the units digit of 20*(z/15)/4?
8
Let w(g) = 13*g - 22. What is the tens digit of w(9)?
9
Let w be 0 - (0 - 0/(-2)). Suppose -2*q + 3*p + 3 + 7 = w, -5*p = 3*q + 4. Let b = q + 7. What is the units digit of b?
9
Suppose -3*s - w + 358 = 4*w, -2*s = w - 227. What is the tens digit of s?
1
Let v(y) = -y. Let i(f) = 7*f. Let t(o) = i(o) + 5*v(o). Let k be t(1). Suppose j - 5*w - k = 5, -4*j - 2*w + 6 = 0. What is the units digit of j?
2
Suppose 3*r - 2*u = 205, -344 = -2*r - 3*r + u. What is the units digit of r?
9
Suppose 2*y - 100 = -2*y + 5*c, 0 = y + c - 25. What is the units digit of y?
5
Suppose 0 = -2*w - 4*l + 11 + 5, 5*w + 3*l = 33. What is the units digit of w?
6
Let v(y) = 2*y - 16. Let o = 22 + -7. What is the tens digit of v(o)?
1
Let k = 2 + -7. Let n = k - -6. What is the units digit of n?
1
Let t(q) = -q**2 - q**3 - 2 + 2*q + 6*q**2 + 0*q**3. What is the units digit of t(5)?
8
Let s(z) = 2*z - 9. Let v be s(9). What is the units digit of 18/(v/3)*1?
6
Let a(l) = -l + 5. Let k(m) = 1. Let d(c) = -a(c) + 2*k(c). Let z be d(6). Suppose z*t + v - 33 = 0, -50 = -2*t + 3*v - 17. What is the tens digit of t?
1
Let g(y) = -y**3 + 7*y**2 + 5*y - 8. Let x be g(7). Let m = 53 - x. What is the units digit of m?
6
Suppose 0 = 3*u + 2*x - 4 - 6, 20 = -2*u + 4*x. Suppose u = 2*c - 10, 4*g - 46 = -0*c + 2*c. What is the units digit of g?
4
Suppose -13*m + 15*m - 96 = 0. What is the tens digit of m?
4
Let o(g) = -12. Let k(m) = 1 - m - 1. Let j(l) = k(l) - o(l). What is the units digit of j(5)?
7
Suppose 3*v = -3*y + 4 - 1, 5*v - 2*y - 5 = 0. What is the units digit of v/(-2)*-22 - -1?
2
Let p = -2 + 4. Let v be 0/(p - 0) + 2. Suppose v*y = 7*y - 40. What is the units digit of y?
8
Suppose -5*o + 3*z - 24 - 10 = 0, 0 = 3*o + 2*z + 28. Let p be ((-6)/o)/(3/12). Let h = p - -3. What is the units digit of h?
6
Let x(q) = 16*q + 6. What is the tens digit of x(8)?
3
Let u(h) = -h**2 - 6*h - 6. Let o be u(-5). Let x = o + 10. What is the units digit of x?
9
Let k = 32 + -8. What is the units digit of k?
4
Let b be (-11)/((2 - 1)/1). Let l = 5 - -13. Let v = b + l. What is the units digit of v?
7
Let j(x) = x**2 - 8*x + 13. Let n(b) = 3*b + 1. Let q be n(3). What is the units digit of j(q)?
3
Suppose -114*r = -112*r - 90. What is the tens digit of r?
4
Let l = -37 + 150. Suppose 3*f + 0*o = o - 71, -4*f - l = -5*o. Let n = -1 - f. What is the tens digit of n?
2
Let k(t) be the third derivative of t**6/120 + t**5/10 + t**4/24 - 5*t**3/6 - t**2. Let q be (-1)/2 - 54/12. What is the units digit of k(q)?
5
Suppose 0 = 6*p - p - 30. Suppose 2*g - 94 - p = 0. What is the tens digit of g?
5
Suppose -2 = -z, 17 - 53 = -5*w + 2*z. What is the units digit of w?
8
Suppose 0*r + 13 = 2*r - 5*u, -7 = -2*r + 3*u. Suppose -4*g + 9 = 5. Let z = g - r. What is the units digit of z?
2
Suppose t + 4*v - 8 = 0, t + 4*t - 16 = 4*v. Let n(z) = z**2 + 4*z + 1 - 6 - t*z - 4*z. What is the units digit of n(6)?
7
Let t be 2*(0 + 6/4). Let w(i) = 2*i + 3. Let x be w(t). Suppose 0 = x*p - 4*p - 15. What is the units digit of p?
3
What is the tens digit of ((-3 + -363)/(-6))/1?
6
Suppose 1 = 3*v - 8. Let u be -3 + 0 + v + -7. Let l = 14 + u. What is the units digit of l?
7
Let r = 2 + -2. Suppose 20 = -r*f + 2*f. What is the tens digit of f?
1
Suppose 3*v - 137 = -23. Suppose -3*h + 58 = -v. What is the units digit of h?
2
Suppose -2*p - 1 + 46 = 5*f, -55 = -5*f - 4*p. Let c = f + 2. What is the units digit of c?
9
Let u(h) be the second derivative of h**4/12 - 5*h**3/6 - 5*h**2/2 - 5*h. Let y(f) = -f**3 - 4*f**2 - 2*f - 1. Let k be y(-4). What is the units digit of u(k)?
9
Let b(k) = k + 12. Let r be b(-6). Let a(n) = 4 - 3 + n - 4. What is the units digit of a(r)?
3
Let m(f) = 5*f - 16. Let g be (-150)/(-22) - (-8)/44. What is the units digit of m(g)?
9
Suppose 6 = p + 2*p. Suppose -p*o - 3*k + 5 + 0 = 0, 4*k + 5 = -5*o. Let f(l) = l**2 + 3*l + 1. What is the tens digit of f(o)?
1
Let v be (-6)/(-8)*4 + 4. Let m(h) = -h**3 - 4*h**2 - 2*h + 2. Let p be m(-2). Let z = p + v. What is the units digit of z?
5
Let b be (0 - 200)*(-11)/22. Suppose -3*z = 2*z - b. What is the tens digit of z?
2
Let p be -1 - (2 + -2)/1. What is the units digit of p/2*2 + 6?
5
Let t = -1 - 0. Let c = 5 + t. Suppose 2*j + 14 = c*z, 3*j = 7*j - 20. What is the units digit of z?
6
Suppose a = -4*l - 76, -4*l + 30 = 3*a + 114. Let h = l - -39. Suppose -h + 1 = -5*n. What is the units digit of n?
4
Let k(z) = z**3 - z - 3. Let s(f) = f - 2. Let h be s(2). Let t be k(h). Let r = 9 + t. What is the units digit of r?
6
Let a = -41 - -73. What is the tens digit of a?
3
Let u = -75 - -139. What is the tens digit of u?
6
Let y(u) = -6*u**3 + u**2 - 4*u**2 + 3*u**3 - 2*u. Let n be y(-2). What is the units digit of (n/(-6))/((-1)/3)?
8
Suppose -r - 4*j = -6 + 2, -4*j + 4 = -4*r. What is the units digit of (r - -10)*(0 - -1)?
0
What is the tens digit of 1/(-4) - ((-913)/4 - -3)?
2
Suppose 5*g = 3*g. Suppose g = 2*b - a - 4*a - 69, 0 = 5*b + 5*a - 190. Suppose -b - 13 = -5*m. What is the tens digit of m?
1
Suppose -2*m + 5*r + 132 = 0, r - 93 + 357 = 4*m. What is the tens digit of m?
6
Suppose 4*f - 38 - 74 = 2*x, 3*x - 102 = -4*f. What is the tens digit of f?
2
Suppose 10*c - 5*c - 95 = 0. What is the tens digit of c?
1
Suppose 149 = 3*o + 4*c, o - 63 = -0*c - 4*c. What is the tens digit of o?
4
Suppose -26 = -q + 34. What is the units digit of q?
0
Let f = -64 + 246. What is the hundreds digit of f?
1
Suppose 7 = -3*m - 4*v + 25, 0 = 5*m + 4*v - 22. Suppose 0 = -2*k - m*k + 88. Suppose -k = 5*x - 72. What is the tens digit of x?
1
Let t(m) = 79*m**2 - m - 1. Let p be t(-1). Suppose -b - p = -4*b - 2*q, 65 = 3*b - 5*q. What is the units digit of b?
5
Suppose -k + 2*s = 2*k - 1, 2*s = 8. Suppose 6 = -k*d + 5*d. What is the units digit of d?
3
Let c be (-1)/2 - (-38)/(-4). Let d be (-48)/c - (-1)/5. Suppose -m = 2 - d. What is the units digit of m?
3
Let m = 60 + -42. Let w be 4/m + (-16)/(-9). Suppose -w + 3 = l. What is the units digit of l?
1
Let y(b) = -b**3 + 9*b**2 + 12*b - 6. Let t be y(10). Let h be 206/t - 2/(-7). What is the units digit of 96/h - (-2)/(-5)?
6
Let i(p) = p**3 + 9*p**2 - p - 3. What is the units digit of i(-9)?
6
Let b(c) be the first derivative of 1 - 4*c**2 + 1/3*c**3 + 5*c. What is the units digit of b(8)?
5
Let x(v) = 2*v**2 + 6*v + 7. Let m(k) = -3*k**2 - 6*k - 8. Let j(d) = 3*m(d) + 4*x(d). What is the units digit of j(6)?
4
Let w(n) be the second derivative of -n**2 - 1/12*n**4 + 0 + 2*n - 11/6*n**3. What is the units digit of w(-10)?
8
Let g(c) = 4*c**2 - c + 1. Let i(f) = -21*f**2 + 5*f - 5. Let x(s) = 22*g(s) + 4*i(s). Let q = 1 + 1. What is the tens digit of x(q)?
1
Let k = -19 - -5. What is the units digit of (k - 1)/((-3)/3)?
5
Suppose 3*r = -5*s - 12, 2*s - 12 = 2*r + 12. Suppose 60 = -5*u + 2*u. Let q = r - u. What is the units digit of q?
1
Let r(q) = q**2 - 3*q + 1. Let n be r(3). Let i(m) = 21*m - 2. What is the units digit of i(n)?
9
Let q(j) = j**3 + 5*j**2 - 7*j + 6. Let t be q(-6). Suppose 25 = n - t. What is the tens digit of n?
3
Suppose -3*j + 0*o - 5*o = -494, -4*j - 4*o + 672 = 0. What is the hundreds digit of j?
1
Suppose 63 = -3*m - 3*w + 180, 51 = m - 5*w. What is the tens digit of m?
4
Let h = -13 - -25. What is the units digit of h?
2
Suppose 68 = 5*o - 107. Suppose 2*f + 5*n + 1 = 0, -3 = 5*n + 2. Suppose -f*q - v = v - 28, -5*q + o = -2*v. What is the units digit of q?
9
Let f(y) = y + 4. Let r(q) = -q + 6. Let t be 2/(-3)*(-10 - -1). Let s be r(t). What is the units digit of f(s)?
4
Suppose -x - 4*c + c - 7 = 0, -3*x + 5*c = -7. Let d be 1*(-33)/(-3) - x. Let a = 24 - d. What is the units digit of a?
2
Suppose -r = -27 - 33. What is the units digit of r?
0
Let b(j) = j**3 + 9*j**2 - 3*j + 6. Let p be